h**2 + h - 1. Let g(x) = -x**3 + 8*x**2 + 4*x + 5. Let v be g(7). Let q = v - 50. Let b = 33 - q. What is k(b)?
-18
Let s(l) be the second derivative of l**6/360 + l**5/60 - 2*l**4 - l**2 + 13*l. Let a(b) be the third derivative of s(b). Calculate a(-3).
-4
Let m(l) = -l**2 + 18*l. Let k(t) = -6*t**2 + 91*t - 32. Let o(g) = -k(g) + 4*m(g). Calculate o(9).
23
Let s(m) = -33*m - 95. Let x(i) = 16*i + 47. Let h(o) = 2*s(o) + 5*x(o). Calculate h(-5).
-25
Let l(d) = -1 + 3*d - 5 + 2. Suppose -4*y + 8 = 4*b, 4*y - 22 = -27*b + 30*b. Determine l(y).
8
Let k(l) = 2*l**3 + l**2 - 3*l + 2. Let u(d) = -d**3 - 16*d**2 + 26*d - 2. Let n be u(-17). Let c = 156 + n. What is k(c)?
2
Suppose 12*n + 2*n - 1386 = 0. Suppose n = 5*v - 76. Let j(p) = 4 + 16*p**2 + 18*p**2 - v*p**2 + 8*p. Calculate j(7).
11
Let n(g) be the first derivative of g**6/360 - g**5/10 + 7*g**4/12 + g**3/3 - 15*g**2 - 61. Let o(f) be the third derivative of n(f). Determine o(11).
3
Let d(t) = -247 + 119 - t - t**2 + 135. What is d(-7)?
-35
Let w(z) = -z**2 + 9*z + 3. Let r be w(9). Let i(k) = 4*k**r - 8 + 13*k + 1 - 12*k**2 - 5*k**3. What is i(-13)?
-7
Let q(b) be the first derivative of -b**7/840 - b**6/45 - 7*b**5/120 - 5*b**4/12 + 7*b**3 - 185. Let p(u) be the third derivative of q(u). Determine p(-7).
-10
Let s = 34 - 42. Let p be (-651)/(-9) + s/6. Let u = p - 68. Let g(y) = -y**3 + 4*y**2 - 5*y + 3. Calculate g(u).
-3
Suppose 0 = -0*q + 2*q + 124. Let z = 81 + q. Let d(u) = 10*u + 8*u - z*u. What is d(1)?
-1
Let q(r) be the first derivative of -r**4/4 + r**3/3 - 3*r**2/2 - 5*r - 951. What is q(-3)?
40
Let w be ((-66)/9)/((16/3)/8). Let z(v) = v**2 + 13*v + 25. Let q be z(w). Let b be (-12)/q + (2 - (7 + -2)). Let j(s) = s**3 + 6*s**2 - 7*s + 3. Give j(b).
3
Let n = 1 - -2. Let o(f) = -f + 0*f - f**n + f**2 - 5 + 1. Let k(j) = j**3 + 3*j**2 + 329*j + 654. Let b be k(-2). What is o(b)?
-4
Let c(l) = l**2 - l + 39 - 4*l + 21*l + 3 + 18. Calculate c(-12).
12
Let p(x) = 9*x**3 + 2*x**2 - x + 2. Let k(d) = -7*d**3 - 1. Suppose 2*a - 15*a - 52 = 0. Let m(j) = a*k(j) - 3*p(j). Give m(4).
-22
Let f = -630 + 638. Suppose -5*p = -f*p + 15. Let q(n) = -n**3 + 5*n**2 - n + 5. Calculate q(p).
0
Let i(n) = 56*n - 1. Let c = 4840 - 4842. What is i(c)?
-113
Let u(f) = -9*f**2 + 9*f + 3. Let b(v) = 14*v**2 - 14*v - 4. Let y(w) = 5*b(w) + 8*u(w). Let h(m) = -m**2 - 797*m - 19297. Let t be h(-25). Calculate y(t).
-8
Let f(i) = -i - 9. Let l(d) = 3*d**3 + 89*d**2 - 34*d - 125. Let z be l(-30). Calculate f(z).
-4
Let g(b) be the second derivative of b**5/20 + b**3/6 - 15*b**2/2 + 317*b + 12. Let d(r) = -r**2 - 4*r - 3. Let l be d(-3). Let c = 0 - l. Determine g(c).
-15
Let w = -19012 - -19014. Let q(l) = 3*l**2 - 5*l + 7. Let j(v) = -3*v**2 + 6*v - 8. Let g(b) = 5*j(b) + 6*q(b). What is g(w)?
14
Let m(z) be the first derivative of z**5/60 + 3*z**4/8 + 86*z**3 - 27. Let q(r) be the third derivative of m(r). What is q(-5)?
-1
Let h(n) = -30*n + 31. Let u be h(1). Let r(y) = -6*y + 6*y - u + 2 + 4*y**2 - 3*y**2. Suppose 8 = -t + 4. Calculate r(t).
17
Let j(f) be the second derivative of f**3/3 - 15*f**2 - 5800*f. Calculate j(2).
-26
Let g(d) = -d**2 - 11*d + 61. Let a be g(-15). Let n(p) = -24*p**2 + a - 9*p + 9*p + 6*p**2. Give n(1).
-17
Let l(p) = -11*p + 1. Let s(n) = -702*n + 169. Let w(d) = 65*l(d) - s(d). Calculate w(-8).
0
Let y be (-20)/4*(-42)/105. Let t(p) = -4*p + 2*p - 7*p + 711*p**y + p**3 - 703*p**2 - 6 - p. Give t(-9).
3
Let q(u) = u + 1. Let w be q(-5). Let n(j) = j**2 - 10*j - 43. Let z be n(14). Let p(v) = z*v - 2*v**3 + 3*v**2 + 3*v**3 - 11*v - 2 - 5*v. What is p(w)?
-6
Let y = -42 - -44. Suppose -l + 4*w = -2, -3*l + y*w + 6 = 4*w. Let n(m) = -m + l + m**3 - m + 0. Determine n(-3).
-19
Let t = -1554 + 1554. Let x(p) be the second derivative of -1/12*p**4 + t + 3/2*p**2 - 5/6*p**3 + 13*p. Determine x(-6).
-3
Let b(k) = -k**3 - 11*k**2 - 13*k - 3. Let f(s) = 30*s + 411. Let q be f(-14). Calculate b(q).
-48
Suppose -83 - 4818 = -13*u. Suppose -u = 2*f - 357. Let t(d) = -d**2 - 9*d - 6. Determine t(f).
-16
Let f = 16 - 10. Let c be (-1 + 2)/(3 + -2 - 2). Let t(q) = q**2 + q + 1. Let b(x) = -x**3 + 9*x**2 + 8*x - 1. Let j(m) = c*b(m) + 4*t(m). What is j(f)?
17
Let a(z) = -24*z + 16. Let h be a(-14). Let w = -346 + h. Let f(q) = q**3 - 7*q**2 + 6*q - 8. What is f(w)?
-8
Let q(f) be the second derivative of -f**5/20 - f**3/3 - f**2/2 - 603*f - 2. What is q(-3)?
32
Let q = -55 + 57. Let x(h) = -h + h**3 + 7*h**3 + 4*h**2 - h**q - h**2. Let m = -24 + 25. What is x(m)?
9
Let r(q) = -q**2 + 5*q - 2. Suppose -6*x = -2*x - 208. Let s = -45 + x. Let o(k) = k**3 - 6*k**2 - 7*k + 3. Let w be o(s). What is r(w)?
4
Suppose -t - o + 2 = 0, 2*t + t + 4*o = 8. Suppose z + 3*z = 4*y - 340, -z - 5*y - 55 = t. Let x = z - -77. Let d(b) = b**2 + 5*b + 2. Determine d(x).
-4
Let p(f) be the second derivative of 5*f**3/6 + f. Suppose 0 = -92*k + 89*k - 21. Let u be (-2)/(-8 - (k - 0)). Calculate p(u).
10
Let m(p) = 22*p. Let a(x) = 3*x**2 + 11*x - 35. Let g be a(7). Let i = g + -190. Calculate m(i).
-22
Let r(y) = -13*y + 79. Let x(h) = 4*h - 26. Let j(n) = 3*r(n) + 8*x(n). Let d be j(6). Let p(a) = -a**2 - 14*a - 16. Calculate p(d).
-3
Let b(l) = l**2 - 10*l + 5. Let p be -1 - -5 - 6*-1. Let q(u) = 31*u + 27 - 10*u - 12*u - p*u. Let x be q(20). Calculate b(x).
-16
Let i(y) be the first derivative of y**4/4 - 8*y**3/3 + y**2/2 + 731. Give i(8).
8
Let w = -62 - -70. Suppose 5*o + w = -22. Let t(q) = -3*q**2 + 11*q + 1. Let k(y) = 4*y**2 - 12*y - 1. Let m(s) = 4*k(s) + 5*t(s). What is m(o)?
-5
Let f(g) = -12*g + 56. Let y be f(5). Let q(h) = -17*h - 24. Let c(x) = -21*x - 25. Let r(w) = y*c(w) + 5*q(w). Determine r(-16).
-4
Let y = -132345 - -132351. Let q(h) be the second derivative of h**5/120 - h**4/3 - h**3/6 + 2*h. Let v(n) be the second derivative of q(n). Calculate v(y).
-2
Suppose -29*s + 13*s = -15*s. Let x(p) = s*p**2 + 151 - 19*p**3 + 2*p**2 - 299 + 147. Give x(1).
-18
Let c(k) = 7*k + 27. Let x(t) be the second derivative of 11*t**3/6 + 41*t**2/2 - t - 8. Let z(d) = -8*c(d) + 5*x(d). Determine z(-10).
-1
Suppose 30*n = 1096 + 2924. Let i(l) = 8*l - 149 - 10*l + n. Calculate i(-10).
5
Let y(m) = -8*m + 7. Let v(t) = t - 1. Let u(h) = -14*v(h) - 2*y(h). Let i be (60/(-9))/(-5)*(8 - 2). Suppose 3*s - s + i = 0. Give u(s).
-8
Let i = -784 - -784. Let j(f) = -6*f**3 + 6*f**2 - 10*f + 17. Let y(k) = 5*k**3 - 5*k**2 + 8*k - 17. Let z(r) = -4*j(r) - 5*y(r). Give z(i).
17
Let g(b) = b**3 - 8*b**2 - 8*b - 21. Let f = -12 - -22. Let x be g(f). Let o(v) = 3*v + x - 96 - 2*v. Calculate o(-4).
-1
Let k = 40942 + -40923. Let o(w) = -2*w**2 + 44*w - 105. Give o(k).
9
Let m(n) = n**3 + 2*n**3 + 13*n**3 + 4*n**3 + 13*n**2 - 10*n + 0 - 21*n**3 - 16. Let r(s) = -4*s - 4. Let v be r(-4). Give m(v).
8
Let y(b) = -2*b**3 + 2*b**2 - 8*b + 1. Let m be y(0). Let o(z) = -9*z + 44*z**2 - 1 - m - 45*z**2. What is o(-7)?
12
Let t(i) = 2*i**3 + 14*i**2 - 7*i**2 - 3*i**3 - 7*i + 9*i + 2*i**3. Determine t(-7).
-14
Let c(d) = -991*d + 329*d + 332*d - d**2 + 338*d - 9. Suppose 4*n + 13 = 2*x - 3*x, -8 = -4*x - 4*n. What is c(x)?
-2
Suppose 3 + 5 = 2*g. Suppose l = 5, -g*m + l = -4 + 1. Let z(o) = m*o - 264*o**2 - o - 1 + 257*o**2. Determine z(1).
-7
Let u(s) = 83 - 14*s**2 - 61 - 13 - 8*s + s**3. Calculate u(14).
-103
Let o(a) = 2*a + 3886527*a**2 - 3886527*a**2 - a**3 + 2. Suppose 14 + 21 = 5*y. Suppose -3*w = -2*l + 11, 3*w + y = 6*l - 2*l. Give o(l).
6
Suppose a = n - 1, -a + 1 = 3*n - 10. Suppose 3*z - 2*d + n = -0*z, 2*z - 3*d = -2. Let b(q) = 6*q**2 + q + 1. Determine b(z).
6
Let z = -22 - -16. Let n be (-2)/((-91)/(-14) + z). Let s(x) = x + 5. Determine s(n).
1
Let k(w) be the third derivative of w**4/8 + 7*w**3/6 + 7*w**2 + 26. Let l = 16 + -24. Calculate k(l).
-17
Let z = 88 + -86. Let f(c) = -2*c - 7*c**3 + 3 + 18*c**2 - 15*c**2 + 6*c**3. Give f(z).
3
Let l(s) be the first derivative of -9*s + 71 - 1/3*s**3 + 13/2*s**2. Give l(13).
-9
Let r(p) be the second derivative of -1/6*p**3 + 15 + 1/2*p**2 + p. Suppose 5*a + 5*i + 15 = 0, 4*a + 16 = -a - 4*i. What is r(a)?
5
Let z be (621/24)/9 + 6/48. Let l(k) = 691*k**2 + 5 - 12*k + z - 689*k**2. Give l(5).
-2
Let h = -39 + 44. Let r be (-4 + 29/5)*h. Let u(z) be the first derivative